he prime factors of 785.
5, 157
List the prime factors of 14485.
5, 2897
List the prime factors of 207.
3, 23
What are the prime factors of 77203?
7, 41, 269
List the prime factors of 2364.
2, 3, 197
What are the prime factors of 364?
2, 7, 13
What are the prime factors of 16926?
2, 3, 7, 13, 31
What are the prime factors of 29243?
29243
List the prime factors of 12014.
2, 6007
What are the prime factors of 1738?
2, 11, 79
List the prime factors of 755.
5, 151
List the prime factors of 2610.
2, 3, 5, 29
What are the prime factors of 93182?
2, 46591
List the prime factors of 329.
7, 47
List the prime factors of 12084.
2, 3, 19, 53
List the prime factors of 3027.
3, 1009
List the prime factors of 5940.
2, 3, 5, 11
What are the prime factors of 37519?
17, 2207
List the prime factors of 99001.
7, 14143
What are the prime factors of 2838?
2, 3, 11, 43
List the prime factors of 17334.
2, 3, 107
What are the prime factors of 739?
739
What are the prime factors of 5193?
3, 577
What are the prime factors of 9042?
2, 3, 11, 137
List the prime factors of 11278.
2, 5639
List the prime factors of 6439.
47, 137
List the prime factors of 17915.
5, 3583
What are the prime factors of 29451?
3, 9817
List the prime factors of 2407.
29, 83
List the prime factors of 26243.
7, 23, 163
What are the prime factors of 86829?
3, 103, 281
List the prime factors of 7838.
2, 3919
What are the prime factors of 18811?
13, 1447
What are the prime factors of 1301?
1301
List the prime factors of 36745.
5, 7349
List the prime factors of 7756.
2, 7, 277
List the prime factors of 169239.
3, 7, 8059
List the prime factors of 5704.
2, 23, 31
What are the prime factors of 1263?
3, 421
List the prime factors of 6508.
2, 1627
List the prime factors of 916.
2, 229
What are the prime factors of 3050?
2, 5, 61
What are the prime factors of 5310?
2, 3, 5, 59
List the prime factors of 1435.
5, 7, 41
List the prime factors of 2595.
3, 5, 173
What are the prime factors of 415?
5, 83
List the prime factors of 7984.
2, 499
List the prime factors of 2812.
2, 19, 37
List the prime factors of 5822.
2, 41, 71
What are the prime factors of 2539?
2539
List the prime factors of 5627.
17, 331
What are the prime factors of 1200?
2, 3, 5
What are the prime factors of 1653?
3, 19, 29
What are the prime factors of 1659?
3, 7, 79
What are the prime factors of 17343?
3, 41, 47
List the prime factors of 28037.
23, 53
What are the prime factors of 600?
2, 3, 5
List the prime factors of 626.
2, 313
What are the prime factors of 18323?
73, 251
List the prime factors of 4099.
4099
List the prime factors of 70545.
3, 5, 4703
List the prime factors of 54707.
227, 241
What are the prime factors of 46273?
46273
What are the prime factors of 60946?
2, 31, 983
What are the prime factors of 763?
7, 109
What are the prime factors of 10219?
11, 929
List the prime factors of 70550.
2, 5, 17, 83
What are the prime factors of 34044?
2, 3, 2837
What are the prime factors of 1796?
2, 449
List the prime factors of 343.
7
What are the prime factors of 876?
2, 3, 73
List the prime factors of 1530.
2, 3, 5, 17
List the prime factors of 18223.
18223
What are the prime factors of 16770?
2, 3, 5, 13, 43
List the prime factors of 91.
7, 13
List the prime factors of 2615.
5, 523
List the prime factors of 53362.
2, 26681
List the prime factors of 5245.
5, 1049
List the prime factors of 138668.
2, 34667
What are the prime factors of 170?
2, 5, 17
What are the prime factors of 3327?
3, 1109
What are the prime factors of 12009?
3, 4003
What are the prime factors of 12341?
7, 41, 43
What are the prime factors of 838?
2, 419
List the prime factors of 1254.
2, 3, 11, 19
List the prime factors of 542.
2, 271
What are the prime factors of 27814?
2, 13907
What are the prime factors of 2672?
2, 167
What are the prime factors of 17?
17
List the prime factors of 282.
2, 3, 47
What are the prime factors of 1046?
2, 523
List the prime factors of 74854.
2, 13, 2879
List the prime factors of 3265.
5, 653
What are the prime factors of 15966?
2, 3, 887
List the prime factors of 23482.
2, 59, 199
List the prime factors of 3667.
19, 193
List the prime factors of 1207.
17, 71
What are the prime factors of 1119?
3, 373
What are the prime factors of 496?
2, 31
List the prime factors of 7701.
3, 17, 151
What are the prime factors of 1285?
5, 257
What are the prime factors of 17591?
7, 359
What are the prime factors of 136853?
107, 1279
What are the prime factors of 110?
2, 5, 11
What are the prime factors of 37034?
2, 18517
List the prime factors of 37955.
5, 7591
What are the prime factors of 858?
2, 3, 11, 13
List the prime factors of 2458.
2, 1229
List the prime factors of 218.
2, 109
What are the prime factors of 7913?
41, 193
What are the prime factors of 713?
23, 31
What are the prime factors of 9376?
2, 293
What are the prime factors of 41876?
2, 19, 29
List the prime factors of 1174.
2, 587
List the prime factors of 105936.
2, 3, 2207
List the prime factors of 74527.
74527
What are the prime factors of 2560?
2, 5
What are the prime factors of 568?
2, 71
List the prime factors of 16313.
11, 1483
What are the prime factors of 29631?
3, 7, 17, 83
What are the prime factors of 93688?
2, 7, 239
List the prime factors of 1097.
1097
What are the prime factors of 4881?
3, 1627
List the prime factors of 11154.
2, 3, 11, 13
What are the prime factors of 3715?
5, 743
What are the prime factors of 4023?
3, 149
What are the prime factors of 1002?
2, 3, 167
List the prime factors of 2390.
2, 5, 239
What are the prime factors of 42353?
41, 1033
List the prime factors of 13188.
2, 3, 7, 157
List the prime factors of 86082.
2, 3, 14347
List the prime factors of 3208.
2, 401
What are the prime factors of 270?
2, 3, 5
List the prime factors of 95314.
2, 47657
What are the prime factors of 568?
2, 71
What are the prime factors of 5736?
2, 3, 239
What are the prime factors of 48083?
7, 6869
What are the prime factors of 124983?
3, 1543
What are the prime factors of 22703?
73, 311
What are the prime factors of 46801?
17, 2753
What are the prime factors of 382?
2, 191
What are the prime factors of 18540?
2, 3, 5, 103
What are the prime factors of 3614?
2, 13, 139
List the prime factors of 49187.
101, 487
What are the prime factors of 5597?
29, 193
List the prime factors of 15333.
3, 19, 269
What are the prime factors of 141133?
107, 1319
List the prime factors of 2294.
2, 31, 37
List the prime factors of 46939.
73, 643
What are the prime factors of 2537?
43, 59
List the prime factors of 1278.
2, 3, 71
What are the prime factors of 545?
5, 109
List the prime factors of 1371.
3, 457
What are the prime factors of 1511?
1511
What are the prime factors of 471?
3, 157
List the prime factors of 3900.
2, 3, 5, 13
What are the prime factors of 31219?
31219
List the prime factors of 2056.
2, 257
List the prime factors of 2119.
13, 163
What are the prime factors of 1095?
3, 5, 73
List the prime factors of 144207.
3, 7, 109
What are the prime factors of 37202?
2, 11, 19, 89
List the prime factors of 1315.
5, 263
List the prime factors of 45913.
7, 937
What are the prime factors of 10087?
7, 11, 131
What are the prime factors of 26054?
2, 7, 1861
List the prime factors of 1323.
3, 7
List the prime factors of 47901.
3, 7, 2281
What are the prime factors of 108985?
5, 71, 307
What are the prime factors of 915?
3, 5, 61
What are the prime factors of 2514?
2, 3, 419
List the prime factors of 2464.
2, 7, 11
List the prime factors of 120187.
31, 3877
List the prime factors of 1400.
2, 5, 7
List the prime factors of 36767.
36767
List the prime factors of 1279.
1279
What are the prime factors of 556?
2, 139
What are the prime factors of 1235?
5, 13, 19
List the prime factors of 20908.
2, 5227
What are the prime factors of 98580?
2, 3, 5, 31, 53
What are the prime factors of 263?
263
What are the prime factors of 152882?
2, 76441
What are the prime factors of 873?
3, 97
What are the prime factors of 88042?
2, 44021
What are the prime factors of 19129?
11, 37, 47
What are the prime factors of 5889?
3, 13, 151
What are the prime factors of 45161?
45161
List the prime factors of 28400.
2, 5, 71
List the prime factors of 29611.
29611
List the prime factors of 1053.
3, 13
What are the prime facto